when 13 is divided by r?
4
Let o(z) = 3*z**2 - 5*z - 3. Let m(r) be the first derivative of 2*r**3/3 + 5*r**2 + 21*r + 34. Calculate the remainder when o(-5) is divided by m(-6).
31
Suppose -3*z - 4*k = -168, -k + 5*k + 248 = 5*z. What is the remainder when z is divided by 18?
16
Let l = 8 - 14. Let k be ((-9)/(-6))/(l/8). Let v(m) = 10*m**2 + m - 2. What is the remainder when v(k) is divided by 19?
17
Suppose 3*p + 2 = 23. What is the remainder when -7 + (49/(-7) - -14) - -44 is divided by p?
2
Suppose 0 = 2*h - 864 + 826. Calculate the remainder when 256 is divided by h.
9
Let j(z) = 12*z**3 + z**2 + z - 1. Let i(r) = -9*r - 5. Calculate the remainder when i(-6) is divided by j(1).
10
Let k(f) = f - 49. Let g(o) = -24. Let m(b) = -5*g(b) + 2*k(b). Calculate the remainder when 33 is divided by m(-8).
3
Let d = -6 + 8. Let g = d + 3. What is the remainder when (24/5)/(12/30) is divided by g?
2
Suppose 13 = 5*s - 7. Suppose -5*q + 0*l - s*l + 44 = 0, -q + l + 7 = 0. Calculate the remainder when 29 is divided by q.
5
Let w = -136 + 150. What is the remainder when 52 is divided by w?
10
Suppose -5*u - 2*m + 54 = -3*m, 2*u - 4*m - 36 = 0. What is the remainder when 2*17 - 0 - -1 is divided by u?
5
Suppose 23*x = 36*x - 2353. What is the remainder when x is divided by 11?
5
Suppose -4*w - 16*l = -19*l - 301, 5*w + 3*l - 383 = 0. Calculate the remainder when w is divided by 54.
22
Suppose 3*t - 35 = 2*h, -3*t + 40 - 6 = -h. Suppose -r - 84 = -3*r. Suppose 0 = -n - n + r. Calculate the remainder when n is divided by t.
10
Suppose -31*t + 8 = -30*t. Calculate the remainder when 21 is divided by t.
5
Let i = 304 - 263. Calculate the remainder when 282 is divided by i.
36
Let y(m) = -5*m**3 + m - 1. Let i(f) = -6*f - 2. Let k be i(-13). Suppose 0 = s + 3*s - k. Calculate the remainder when y(-2) is divided by s.
18
Suppose -w = -5*x + 118 - 12, 5*w + 26 = x. What is the remainder when 42 is divided by x?
0
Let i be (-316)/(-8)*(-4*1 - -2). Let n = -121 - -234. Let t = n + i. Calculate the remainder when 65 is divided by t.
31
Let z(d) be the first derivative of -d**4/4 - 4*d**3/3 - 10*d + 41. Calculate the remainder when 74 is divided by z(-5).
14
Suppose -26 = -5*k - 3*h, -10 = -2*k - 2*h + h. Suppose -g - 34 = -3*g. Calculate the remainder when (5 + -2)/(k/44) is divided by g.
16
Let o(b) = -13*b**3 + 2*b + 1. What is the remainder when o(-1) is divided by 3?
0
Let p(j) = -j**3 + 15*j**2 + 3*j - 1. Let s be p(15). Let l = 63 - s. Calculate the remainder when 131 is divided by l.
17
Suppose -5*a - 4*s = -3*s - 436, -3*a = 5*s - 244. What is the remainder when a is divided by 122/10 + (1 - (-3)/(-15))?
10
Let h(x) = -x**3 - 3*x**2 + 2*x + 2. Let z be h(-3). What is the remainder when 122 is divided by (0 - z) + 27*1?
29
Suppose -16 = 4*k, -50*g = -45*g + 2*k - 42. What is the remainder when 217 is divided by g?
7
Let c = -45 + 35. Let w = 30 + c. Calculate the remainder when w is divided by (-1)/2 + (-15)/(-2).
6
Let d(k) = -10*k - 24. Let x be d(-7). Let b = x - -13. What is the remainder when b is divided by 2/(-5) + (-62)/(-5)?
11
Suppose 45*m - 40*m = 4*y - 50, y = -m + 8. Calculate the remainder when 81 is divided by y.
1
Suppose t = 3*t. Let w = 4 + t. Suppose -4*q + 0 = -12. Calculate the remainder when w is divided by q.
1
Suppose 48 = 3*y - 42. Suppose 5*t - 26 - 29 = 0. What is the remainder when y is divided by t?
8
Let l = 185 - 264. What is the remainder when 18/(-36) - l/2 is divided by 14?
11
Let b(k) = 2*k**2 + 7*k + 11. Let p be b(-2). Suppose -p*s - u - 57 = -199, 5*u + 44 = s. Suppose 415 = g + 4*g. What is the remainder when g is divided by s?
25
Let a = 217 - 140. What is the remainder when a is divided by 22?
11
Let z be 2 + ((-12)/(-4))/3. Suppose -j - 44 = -2*g + j, -z*j + 6 = g. Calculate the remainder when -2*6/(-4) + 67 is divided by g.
16
Suppose 2*x = -2*x - 12, 3*u + x + 3 = 0. Calculate the remainder when 24 is divided by (10 - 5) + (-2 - (-4 - u)).
3
Let g(u) = 5*u**3 - u**2 - u + 1. What is the remainder when 5/(-30) - 31/(-6) is divided by g(1)?
1
Suppose -382*o + 389*o = 4081. What is the remainder when o is divided by 39?
37
Let j = -168 - -322. What is the remainder when j is divided by 52?
50
Let a = 413 + -399. Calculate the remainder when 39 is divided by a.
11
Let g = 147 + -130. Calculate the remainder when g is divided by 12.
5
Let d = 89 - 41. Suppose 4*w = 5*t + 66, -t = -3*w + 2*t + d. Let q = 6 - 1. Calculate the remainder when w is divided by q.
4
Let m = -1270 + 1295. Calculate the remainder when 157 is divided by m.
7
Let t = -18 + 29. Let i(w) = -7*w + 107. Calculate the remainder when t is divided by i(15).
1
Let d(s) = 3 + 1 + 24*s - 45*s + 20*s. Calculate the remainder when 23 is divided by d(-2).
5
Let p be (1/(-2))/(1/(-2)). Let f be -1 - (p + 0) - -4. Suppose 4*o - 2*y = f*y + 192, 3*o + y = 144. What is the remainder when o is divided by 10?
8
Let g(u) = -u**3 + 7*u**2 - 7*u + 2. Let f be g(5). Let l = -12 + f. Let a(n) = n**2 - 3*n - 1. What is the remainder when a(-2) is divided by l?
4
Let q = 39 - 30. What is the remainder when q*(5 - 2) - (0 + 1) is divided by 10?
6
Let z(y) = y**3 + 27*y**2 - y - 10. What is the remainder when 83 is divided by z(-27)?
15
Suppose 2*t = -c + 9, 5*c = -0*t - 4*t + 33. Suppose -4*i + t*f + 54 = 0, 0*f + 3 = f. Calculate the remainder when 17 is divided by i.
2
Let b(h) = 3*h + 4. Let u be b(5). Suppose -2*s + l = -7*s + 23, -5*s - 3*l = -u. What is the remainder when 9 is divided by s?
4
Suppose 0 = -23*z + 187 + 1009. Calculate the remainder when 154 is divided by z.
50
Let d = -48 - -48. What is the remainder when 186 is divided by (d + 2)*141/6?
45
Let c = -80 - -21. Let w = -31 - c. What is the remainder when 138 is divided by w?
26
Suppose -5*r = 0, -f + 2*f - 7 = -r. Calculate the remainder when f is divided by -1 - 0 - (1 + -3).
0
Let d = -15 - -15. Suppose d = -h + 54 + 39. Calculate the remainder when h is divided by 24.
21
Let p(v) = -v**3 - 3*v**2 - v + 6. Calculate the remainder when p(0) is divided by 6/15 + (-18)/(-5).
2
Suppose -274 = -5*d + 2*c, 0 = 2*c - 3*c - 2. Suppose 8*u - 68 - 156 = 0. What is the remainder when d is divided by u?
26
Let c(j) = 20*j - 159. What is the remainder when 94 is divided by c(9)?
10
Suppose -2*b = -3*b - z + 43, 3*z = 2*b - 71. Let o = -34 + b. Calculate the remainder when 7 is divided by o.
1
Suppose 4*v - 33 = -3*r, 2*r + 12 = 6*r. Calculate the remainder when v is divided by 1.
0
Suppose 0 = -7*b + 12 + 30. Suppose -b*y + 99 + 15 = 0. Calculate the remainder when 75 is divided by y.
18
Suppose 0 = 7*i - 1155 - 2954. Calculate the remainder when i is divided by 12.
11
Suppose -77 + 352 = 25*w. What is the remainder when 194 is divided by w?
7
Let r = -181 + 215. What is the remainder when r is divided by 7?
6
Suppose 5*u + 2*v = -3*v - 5, 2*v = -4. Let x(h) be the second derivative of 14*h**3/3 + 14*h. What is the remainder when 83 is divided by x(u)?
27
Let a = -80 - -84. Suppose a*g - g - 3*z = 21, z = 0. Calculate the remainder when g is divided by 2.
1
Suppose 0 = 4*r - 29 - 43. Let g = -133 + 137. Suppose -2*p - 136 = -g*p. What is the remainder when p is divided by r?
14
Let j = 11 + -9. Suppose 0 = j*v - 13 + 1. Let x(m) = -m**2 + 7*m + 5. Calculate the remainder when 30 is divided by x(v).
8
Suppose 3*m = 2*m - 4, 114 = 2*q - m. What is the remainder when 4/(32/(-146))*(-11 + -1) is divided by q?
54
Suppose -9 = -3*a, 5*a - 14 = -3*b + 97. Calculate the remainder when 446 is divided by b.
30
Suppose 286*l - 288*l + 100 = 0. Calculate the remainder when 244 is divided by l.
44
Let l be (-2)/9 + (-16)/9. Let x = -127 - -189. Calculate the remainder when x is divided by 21 + l + 1 - 4.
14
Let u = -118 - -172. Calculate the remainder when 214 is divided by u.
52
Calculate the remainder when 606 is divided by ((-30)/9 + 4)/(3/693).
144
Let q(c) = 8*c + 2. Let s be q(-4). Let r = -6 - s. Calculate the remainder when 1/(-4) + 726/r is divided by 11.
8
Suppose o = -5*o + 174. What is the remainder when 95 is divided by o?
8
Suppose -5*o + 27 = w, -w + 26 = -5*o - 1. Let u = -9 + w. What is the remainder when (-343)/5*-1 + 6/15 is divided by u?
15
Let j be (0 - 1)*(7 + -7). Suppose -3*i = 3*u - 0*u + 15, 3*i